e
Is 605 a factor of 1645963000?
True
Is 1407377001 a multiple of 219?
True
Is 18113630 a multiple of 1351?
False
Is 3177524 a multiple of 5?
False
Is 5330286 a multiple of 26?
True
Is 25 a factor of 660194775?
True
Is 19 a factor of 290743897?
False
Is 41505952 a multiple of 6?
False
Is 1382599414 a multiple of 3013?
True
Is 43820458 a multiple of 22?
True
Is 12584404 a multiple of 64?
False
Is 54872484 a multiple of 4?
True
Is 83030193 a multiple of 265?
False
Is 1182353576 a multiple of 132?
False
Is 351872362 a multiple of 19?
True
Is 13 a factor of 1829867?
True
Does 8 divide 1286135280?
True
Does 29 divide 1568906293?
True
Is 1841 a factor of 223878487?
True
Does 1091 divide 23311397?
True
Does 10382 divide 1975601162?
True
Is 14522046 a multiple of 187?
True
Is 9 a factor of 68840064?
True
Is 527 a factor of 442424990?
False
Is 247 a factor of 518825735?
False
Is 2474 a factor of 23037888?
True
Does 3154 divide 320137308?
True
Is 54667305 a multiple of 1155?
True
Is 216 a factor of 191838573?
False
Is 7433166 a multiple of 39?
True
Does 84 divide 252758436?
True
Is 18 a factor of 5090508?
True
Does 714 divide 5315730?
True
Does 122 divide 19369104?
False
Does 18 divide 379558386?
True
Is 143014753 a multiple of 4?
False
Does 3 divide 842553122?
False
Does 5177 divide 91674316?
True
Is 40011132 a multiple of 238?
True
Is 1168296977 a multiple of 1878?
False
Does 381 divide 426577506?
True
Is 43162131 a multiple of 1466?
False
Does 2 divide 6064084?
True
Does 100 divide 3046824?
False
Is 284527049 a multiple of 4?
False
Is 442 a factor of 85132490?
False
Is 89619784 a multiple of 118?
False
Does 517 divide 210231626?
False
Is 4576 a factor of 403058343?
False
Does 719 divide 666418811?
True
Is 2 a factor of 3793031?
False
Is 24 a factor of 911302824?
True
Does 1133 divide 62671895?
True
Is 12469812 a multiple of 93?
True
Does 1638 divide 15023097?
False
Is 37 a factor of 318049876?
False
Is 31 a factor of 864042?
False
Is 26532983 a multiple of 17?
False
Does 15 divide 1715835?
True
Is 170289280 a multiple of 28?
True
Does 242 divide 4362071296?
True
Is 670880 a multiple of 32?
True
Is 6 a factor of 455948963?
False
Is 44 a factor of 4230908?
True
Is 682409354 a multiple of 5753?
True
Is 721 a factor of 54492578?
False
Is 77357037 a multiple of 1793?
False
Is 11808264 a multiple of 777?
False
Is 2020131 a multiple of 1737?
True
Does 275 divide 223257925?
True
Is 10148821 even?
False
Does 1544 divide 112427904?
True
Is 155755608 a multiple of 26?
False
Does 37 divide 22445814?
False
Is 290 a factor of 8656500?
True
Is 14 a factor of 5853610?
True
Does 1399 divide 185136136?
False
Is 58825787 a multiple of 239?
True
Is 42 a factor of 319004643?
False
Is 58003913 a multiple of 3257?
True
Is 1541 a factor of 2507700131?
False
Is 4185853320 a multiple of 5091?
False
Is 14 a factor of 187669114?
False
Is 109786973 a multiple of 19?
False
Is 8884456 a multiple of 826?
True
Is 51 a factor of 48740961?
False
Is 134206920 a multiple of 40?
True
Does 4906 divide 182360707?
False
Does 3538 divide 954096062?
False
Is 34 a factor of 2020871?
False
Is 1468 a factor of 1135138873?
False
Does 36 divide 8914920?
False
Does 8427 divide 167495052?
True
Does 1483 divide 39860074?
True
Does 19 divide 19080769?
True
Is 18 a factor of 2844609?
False
Is 70629584 a multiple of 709?
False
Is 22 a factor of 12770244?
False
Is 328361889 a multiple of 523?
True
Does 641 divide 601659266?
True
Is 94 a factor of 228336716?
True
Is 167 a factor of 352422592?
False
Is 2277507 a multiple of 145?
False
Is 32 a factor of 95643010?
False
Is 5 a factor of 795091694?
False
Is 1670 a factor of 105751080?
True
Is 242535861 a multiple of 503?
False
Is 860 a factor of 631117880?
True
Does 9 divide 281087583?
False
Is 238 a factor of 409942692?
False
Does 61 divide 9411751?
True
Is 10 a factor of 193555631?
False
Is 1839178 a multiple of 4?
False
Is 265977960 a multiple of 76?
True
Is 3251719 a multiple of 26?
False
Does 185 divide 9416152?
False
Does 7 divide 24817926?
True
Does 77 divide 1140603387?
True
Is 913 a factor of 873026608?
False
Does 31 divide 208483911?
False
Does 46 divide 28377722?
True
Does 94 divide 103220554?
True
Does 621 divide 225403131?
False
Is 1845 a factor of 22396624?
False
Does 161 divide 491911498?
False
Is 12 a factor of 109288499?
False
Is 540 a factor of 51937930?
False
Is 36957661 a multiple of 13?
True
Is 388526116 a multiple of 2673?
False
Does 39 divide 9696921?
True
Does 630 divide 453002585?
False
Is 1486 a factor of 5066771?
False
Does 29 divide 45445726?
True
Is 327 a factor of 18320589?
False
Is 704 a factor of 152877736?
False
Does 43 divide 566572816?
True
Is 694725 a multiple of 336?
False
Does 117 divide 23418252?
True
Is 59165918 a multiple of 7?
True
Is 1277 a factor of 16223008?
True
Does 74 divide 578932898?
False
Is 260503248 a multiple of 16?
True
Is 39364218 a multiple of 218?
False
Is 20 a factor of 4180840?
True
Does 18 divide 19331787?
False
Is 896030760 a multiple of 40?
True
Does 10 divide 152522812?
False
Does 29 divide 47946730?
False
Does 20 divide 1083198340?
True
Does 105 divide 464129820?
True
Is 59 a factor of 386041726?
False
Does 13 divide 4069703131?
True
Does 252 divide 132904518?
False
Does 904 divide 841266746?
False
Is 144 a factor of 1215157404?
False
Is 2821704838 a multiple of 61?
False
Is 1428 a factor of 567147563?
False
Does 1925 divide 56893375?
True
Does 445 divide 21652719?
False
Is 916575 a multiple of 165?
True
Is 101869816 a multiple of 2978?
False
Does 1376 divide 1227689216?
True
Is 53 a factor of 125967856?
True
Is 307328079 a multiple of 31?
True
Is 66071040 a multiple of 768?
True
Is 654 a factor of 879842875?
False
Is 116819200 a multiple of 5?
True
Is 71359078 a multiple of 2782?
False
Does 118 divide 4475694?
False
Is 44 a factor of 7536320?
True
Is 4 a factor of 2986752?
True
Is 1655 a factor of 350878205?
True
Is 2537760 a multiple of 4?
True
Is 7 a factor of 62932521?
False
Is 95296099 a multiple of 3?
False
Is 6 a factor of 607624566?
True
Does 8 divide 755090547?
False
Is 147884436 a multiple of 9?
True
Does 1942 divide 27576400?
True
Is 15948550 a multiple of 34?
True
Does 811 divide 82647545?
False
Does 35 divide 40327990?
False
Is 360 a factor of 27849569?
False
Does 631 divide 23569404?
False
Is 2 a factor of 5286745?
False
Does 1065 divide 116015541?
False
Is 385904128 a multiple of 32?
True
Does 983 divide 258286180?
False
Does 24 divide 11356920?
True
Does 22 divide 3041055?
False
Is 16466232 a multiple of 24?
True
Does 1516 divide 3952468291?
False
Is 41 a factor of 3179099?
True
Is 1561698 a multiple of 9?
True
Does 14 divide 183320008?
False
Is 1804676389 a multiple of 11344?
False
Is 5870 a factor of 136195740?
True
Is 1182 a factor of 28512204?
True
Is 116594740 a multiple of 4?
True
Does 64 divide 4315717266?
False
Is 128 a factor of 2810752?
True
Is 14289150 a multiple of 10?
True
Is 125589275 a multiple of 854?
False
Does 109 divide 336187610?
True
Is 210386164 a multiple of 3002?
True
Is 71 a factor of 322056?
True
Is 4 a factor of 37466370?
False
Is 826579451 a multiple of 82?
False
Is 23821455 a multiple of 7?
True
Is 3 a factor of 3816016?
False
Does 18 divide 73310794?
False
Is 5304 a factor of 375952824?
True
Does 2350 divide 368010426?
False
Is 180 a factor of 643694?
False
Is 19 a factor of 1236298840?
True
Is 13 a factor of 3445602969?
False
Is 49216597 a multiple of 538?
False
Is 355518475 a multiple of 115?
True
Is 18 a factor of 9306553?
False
Is 151630896 a multiple of 25?
False
Is 670824320 a multiple of 61?
True
Is 19400280 a multiple of 1076?
True
Does 472 divide 25188752?
True
Does 25 divide 1903510200?
True
Does 64 divide 2967024?
False
Does 599 divide 85404821?
True
Is 41 a factor of 1897978?
False
Does 129 divide 8372448?
False
Is 35870110 a multiple of 46?
True
Is 145 a factor of 660995941?
False
Is 3963375 a multiple of 58?
False
Is 172 a factor of 1278506037?
False
Is 61039020 a multiple of 570?
True
Is 3092 a factor of 244055675?
False
Does 297 divide 5645673?
True
Does 1043 divide 66067906?
False
Does 5573 divide 735084273?
True
Is 35354176 a multiple of 26?
True
Does 697 divide 290671759?
False
Does 26 divide 3075693530?
True
Does 478 divide 6